sands digit of 117400510?
0
What is the hundred thousands digit of 7982401?
9
What is the hundred thousands digit of 62554990?
5
What is the ten millions digit of 243472037?
4
What is the millions digit of 66057580?
6
What is the ten millions digit of 1310317288?
1
What is the hundred millions digit of 4248369630?
2
What is the units digit of 61106110?
0
What is the ten millions digit of 1229528171?
2
What is the tens digit of 3249328287?
8
What is the units digit of 187120476?
6
What is the hundreds digit of 1612800483?
4
What is the hundred millions digit of 426635457?
4
What is the hundred thousands digit of 174961044?
9
What is the tens digit of 884309791?
9
What is the ten thousands digit of 253200694?
0
What is the ten thousands digit of 358338172?
3
What is the ten millions digit of 16094466?
1
What is the hundreds digit of 447329185?
1
What is the hundred millions digit of 138198022?
1
What is the hundreds digit of 57683779?
7
What is the millions digit of 141099674?
1
What is the hundred thousands digit of 66517468?
5
What is the ten thousands digit of 6312718?
1
What is the tens digit of 582971153?
5
What is the hundreds digit of 376882544?
5
What is the thousands digit of 456397992?
7
What is the ten millions digit of 107931828?
0
What is the hundred thousands digit of 166964518?
9
What is the hundred millions digit of 3079879225?
0
What is the ten millions digit of 284195815?
8
What is the hundred millions digit of 5174116064?
1
What is the hundred thousands digit of 25836320?
8
What is the tens digit of 2841309676?
7
What is the millions digit of 254817631?
4
What is the thousands digit of 499458223?
8
What is the ten thousands digit of 325254303?
5
What is the millions digit of 309328168?
9
What is the ten millions digit of 526116203?
2
What is the thousands digit of 567225977?
5
What is the hundred millions digit of 122412789?
1
What is the hundreds digit of 98510920?
9
What is the millions digit of 2625669937?
5
What is the ten millions digit of 4795415038?
9
What is the ten thousands digit of 857939330?
3
What is the hundreds digit of 4374062557?
5
What is the hundred thousands digit of 1280613757?
6
What is the billions digit of 3626801381?
3
What is the millions digit of 183236446?
3
What is the ten thousands digit of 339203023?
0
What is the ten millions digit of 2108181652?
0
What is the millions digit of 76261361?
6
What is the ten millions digit of 5907962454?
0
What is the billions digit of 3807793312?
3
What is the hundreds digit of 208631816?
8
What is the millions digit of 149584876?
9
What is the units digit of 5123665121?
1
What is the ten millions digit of 52686760?
5
What is the hundred millions digit of 175857992?
1
What is the thousands digit of 748484405?
4
What is the hundred thousands digit of 249604723?
6
What is the ten thousands digit of 59500079?
0
What is the hundred thousands digit of 249483995?
4
What is the hundreds digit of 1058988319?
3
What is the hundreds digit of 27375472?
4
What is the ten millions digit of 770877276?
7
What is the millions digit of 2081934282?
1
What is the thousands digit of 33136899?
6
What is the hundred millions digit of 145802583?
1
What is the hundred thousands digit of 170667379?
6
What is the ten thousands digit of 753758273?
5
What is the hundred millions digit of 155321973?
1
What is the thousands digit of 250656323?
6
What is the ten millions digit of 2118954388?
1
What is the hundreds digit of 60087275?
2
What is the tens digit of 29297289?
8
What is the thousands digit of 4380050057?
0
What is the ten thousands digit of 277060860?
6
What is the ten millions digit of 1417655382?
1
What is the ten thousands digit of 79662045?
6
What is the ten thousands digit of 208004660?
0
What is the hundred millions digit of 108077047?
1
What is the ten thousands digit of 1601324089?
2
What is the ten millions digit of 11178059?
1
What is the thousands digit of 2204256489?
6
What is the millions digit of 11544152?
1
What is the ten thousands digit of 44155063?
5
What is the tens digit of 33817674?
7
What is the thousands digit of 711829298?
9
What is the thousands digit of 618734725?
4
What is the hundred thousands digit of 87561813?
5
What is the thousands digit of 504556421?
6
What is the ten thousands digit of 97125322?
2
What is the ten thousands digit of 688798199?
9
What is the hundred thousands digit of 354007977?
0
What is the hundred millions digit of 937267884?
9
What is the thousands digit of 121321020?
1
What is the tens digit of 13796497?
9
What is the hundred millions digit of 177152942?
1
What is the hundreds digit of 50300809?
8
What is the hundred millions digit of 208307159?
2
What is the thousands digit of 364825728?
5
What is the hundred millions digit of 116858729?
1
What is the units digit of 2725539?
9
What is the thousands digit of 787278023?
8
What is the millions digit of 147802493?
7
What is the millions digit of 29047141?
9
What is the hundreds digit of 2068871288?
2
What is the ten thousands digit of 4215377427?
7
What is the units digit of 1338357?
7
What is the hundred thousands digit of 2473673805?
6
What is the units digit of 559680839?
9
What is the hundred thousands digit of 112558178?
5
What is the hundreds digit of 39413324?
3
What is the ten millions digit of 653284634?
5
What is the hundred thousands digit of 1251735331?
7
What is the thousands digit of 750447596?
7
What is the thousands digit of 1351558558?
8
What is the hundred thousands digit of 1186197217?
1
What is the millions digit of 219948194?
9
What is the hundred millions digit of 117653627?
1
What is the tens digit of 233189982?
8
What is the thousands digit of 6595022083?
2
What is the tens digit of 2025846?
4
What is the hundred millions digit of 205467452?
2
What is the hundred millions digit of 345323387?
3
What is the hundreds digit of 209027004?
0
What is the hundreds digit of 129603953?
9
What is the thousands digit of 17163814?
3
What is the hundred thousands digit of 636738278?
7
What is the units digit of 169767293?
3
What is the ten millions digit of 359461440?
5
What is the millions digit of 3412596108?
2
What is the ten millions digit of 76359495?
7
What is the ten thousands digit of 146471371?
7
What is the ten millions digit of 74298899?
7
What is the tens digit of 29851477?
7
What is the hundreds digit of 440037629?
6
What is the ten thousands digit of 47023364?
2
What is the tens digit of 4424207640?
4
What is the units digit of 28928499?
9
What is the ten thousands digit of 5745680?
4
What is the millions digit of 67293892?
7
What is the millions digit of 812921659?
2
What is the thousands digit of 145523734?
3
What is the tens digit of 93079576?
7
What is the tens digit of 155260871?
7
What is the ten millions digit of 46613232?
4
What is the millions digit of 1875588187?
5
What is the ten thousands digit of 572643229?
4
What is the millions digit of 2930313731?
0
What is the hundreds digit of 777567404?
4
What is the units digit of 1730815?
5
What is the tens digit of 7056111880?
8
What is the hundreds digit of 27301595?
5
What is the hundred thousands digit of 280825343?
8
What is the millions digit of 413600204?
3
What is the hundreds digit of 94104178?
1
What is the hundreds digit of 234002985?
9
What is the ten millions digit of 104498090?
0
What is the ten thousands digit of 29488098?
8
What is the units digit of 44671195?
5
What is the units digit of 93594129?
9
What is the ten thousands digit of 110636164?
3
What is the ten thousands digit of 597780791?
8
What is the thousands digit of 158457001?
7
What is the ten thousands digit of 1057301232?
0
What is the tens digit of 112813011?
1
What is the ten thousands digit of 45123647?
2
What is the ten thousands digit of 24118759?
1
What is the millions digit of 1256419237?
6
What is the millions digit of 3529271763?
9
What is the ten thousands digit of 2249526845?
2
What is the billions digit of 1402843410?
1
What is the hundred millions digit of 659091181?
6
What is the units digit of 40445611?
1
What is the tens digit of 2510940170?
7
What is the ten thousands digit of 671100992?
0
What is the units digit of 1095256340?
0
What is the ten thousands digit of 757448887?
4
What is the tens digit of 21952